{"id":5,"date":"2013-10-24T20:48:16","date_gmt":"2013-10-24T18:48:16","guid":{"rendered":"http:\/\/poundattack.de\/body-transformer-workouts\/?page_id=5"},"modified":"2023-07-05T22:00:15","modified_gmt":"2023-07-05T20:00:15","slug":"salespage","status":"publish","type":"page","link":"https:\/\/poundattack.de\/body-transformer-workouts\/","title":{"rendered":"Salespage"},"content":{"rendered":"<p><strong>Geht das wirklich? &#8230;<\/strong><\/p>\n<p>&#8230; das werde ich immer wieder gefragt, wenn ich erz\u00e4hle, dass gerade einmal 12 Minuten Training pro Tag ausreichen, um topfit zu werden.<\/p>\n<p><strong>Vielleicht findest Du das auch unglaublich und kannst Dir nicht vorstellen, dass das reichen soll?<\/strong><\/p>\n<p>Ich kann verstehen, wenn Du skeptisch bist. Leider wird von viel zu vielen Trainern noch immer empfohlen, langes, gleichm\u00e4\u00dfiges Ausdauertraining zu machen, um Fett zu verbrennen.<\/p>\n<p>Glaube mir: Das ist Bl\u00f6dsinn! Der beste schnellst und effektivste Weg, um l\u00e4stigen Speck loszuwerden und sch\u00f6ne Muskeln zu formen, sind kurze, aber daf\u00fcr intensive Workouts! Du brauchst noch nicht einmal Dein Kraft- und Ausdauertraining zu trennen.<\/p>\n<p>Innerhalb von wenigen Minuten pro Tag, kannst Du alles auf einmal trainieren und mehr Erfolg haben, als mit jedem anderen Training.Ich selbst bin das beste Beispiel. Ich bin jahrelang begeistert gelaufen. Jede Woche habe ich zwischen 50 und 70 km abgerissen.<\/p>\n<p>Das ist wirklich eine ganze Menge Zeit, die dabei f\u00fcrs Training draufgeht. Ich bin sehr gerne gelaufen und ich muss auch zugeben, dass ich zu dieser zeit recht d\u00fcnn war.<\/p>\n<p><strong>Aber ich war nicht ann\u00e4hernd so fit, wie ich es heute bin \u2013 und das mit einem Training, das mich nur einen Bruchteil der Zeit kostet<\/strong>!(Ich liebe Sport und einen aktiven Lebensstil, aber leider habe ich wenig Zeit).<\/p>\n<p>Neben der Arbeit m\u00f6chte ich meine Freizeit vor allem mit meiner kleinen Tochter verbringen. Da ist es v\u00f6llig unm\u00f6glich jeden Tag 1-2 Stunden in Fitnesstraining zu investieren. Gott sei dank ist das auch \u00fcberhaupt nicht notwendig.<\/p>\n<p><strong>In 12 Minuten bin ich fertig und habe noch gen\u00fcgend Zeit f\u00fcr andere Dinge \u00fcbrig.<\/strong><\/p>\n<p>Geht es Dir auch so?<\/p>\n<p>M\u00f6chtest Du auch mit wenig Zeitaufwand einen schlanken und fitten K\u00f6rper bekommen, in dem Du Dich einfach wohl f\u00fchlst?<\/p>\n<p><strong>Hast Du auch keine Lust auf stundenlanges Training im Fitnessstudio und teure Vertr\u00e4ge?<\/strong> <strong>M\u00f6chtest Du auch nicht Deine gesamte Freizeit f\u00fcrs Training opfern?<\/strong><\/p>\n<p><em>Und \u2013 am allerwichtigsten \u2013 suchst Du auch nach einer Trainingsmethode, die wirklich funktioniert?<\/em><\/p>\n<p>Meine Bodytransformer Workouts sind extrem effektiv, machen Spa\u00df und liefern tolle Ergebnisse in kurzer Zeit. Sie sind genau das, was ich selbst jeden Tag tue \u2013 lass mich Dir zeigen, dass es funktioniert.<\/p>\n<p><strong>Ja, es ist m\u00f6glich! Mit dem richtigen Training kannst Du in wenigen Minuten pro Tag, K\u00f6rperfett gezielt abbauen, sch\u00f6ne Muskeln formen, Deine allgemeine Fitness enorm steigern und Dich einfach wohl f\u00fchlen!<\/strong><\/p>\n<p>Wie genau das geht, erf\u00e4hrst Du in meinem Mitgliederbereich. Ich bin kein begnadeter Verk\u00e4ufer, aber ich liebe, was ich tue und ich will Dir zeigen, wie Du meine Trainingsmethode auch f\u00fcr Dich nutzen kannst. Deshalb siehst Du hier noch einmal auf einen Blick, was Dich erwartet:<\/p>\n<p>&#8212;<\/p>\n<h3>Wenn Du dieses einmalige Angebot f\u00fcr Dich nutzen m\u00f6chtest, erh\u00e4ltst Du:<\/h3>\n<div style=\"width:100%;margin:0px auto;\">\n<ul class=\"green_tick_1_list\">\n<li>Intensive, abwechslungsreiche Workouts zum sofort Mitmachen<\/li>\n<li>Ein hoch effektives Training ohne Equipment, das Du immer und \u00fcberall machen kannst<\/li>\n<li>Verschiedene Kategorien f\u00fcr das gezielte Training \u201eproblematischer\u201c K\u00f6rperpartien<\/li>\n<li>Alle 14 Tage ein neues Workout f\u00fcr viel Abwechslung<\/li>\n<li>Detaillierte Anleitungen zu den \u00dcbungen und Varianten f\u00fcr alle Fitnesslevel<\/li>\n<li>Spa\u00df und Motivation<\/li>\n<li>Meine pers\u00f6nliche Unterst\u00fctzung<\/li>\n<li>Und: Einen fitten und starken K\u00f6rper :-)<\/li>\n<\/ul>\n<\/div>\n<p>&#8212;<\/p>\n<h3 style=\"text-align: center;\"><span style=\"color: #ff0000;\">Achtung: Es kommen regelm\u00e4\u00dfig brandneue Workouts dazu! Abwechslung ist garantiert!<\/span><\/h3>\n<h3 style=\"text-align: center;\"><\/h3>\n<div class=\"features-box-yellow\" style=\"width:75%;border-width:2px!important;\">\n<h3 style=\"text-align: center;\">Body Transformer Workouts beinhalten unter anderem:<\/h3>\n<p><img decoding=\"async\" loading=\"lazy\" class=\"aligncenter\" title=\"Bildschirmfoto 2012-11-10 um 13.01.48\" src=\"https:\/\/www.poundattack.de\/bodytransformation\/wp-content\/uploads\/2012\/09\/Bildschirmfoto-2012-11-10-um-13.01.48-300x187.png\" alt=\"\" width=\"300\" height=\"187\" \/><\/p>\n<p style=\"text-align: center;\">Cardio-Intervall-Training f\u00fcr perfekte Fettverbrennung<\/p>\n<p><img decoding=\"async\" loading=\"lazy\" class=\"aligncenter\" title=\"Bildschirmfoto 2012-11-10 um 13.06.29\" src=\"https:\/\/www.poundattack.de\/bodytransformation\/wp-content\/uploads\/2012\/09\/Bildschirmfoto-2012-11-10-um-13.06.29-300x187.png\" alt=\"\" width=\"300\" height=\"187\" \/><\/p>\n<p style=\"text-align: center;\">Training f\u00fcr die Rumpfmuskulatur f\u00fcr einen starken R\u00fccken und eine schlanke Taille<\/p>\n<p><img decoding=\"async\" loading=\"lazy\" class=\"aligncenter\" title=\"Bildschirmfoto 2012-11-10 um 13.04.37\" src=\"https:\/\/www.poundattack.de\/bodytransformation\/wp-content\/uploads\/2012\/09\/Bildschirmfoto-2012-11-10-um-13.04.37-300x187.png\" alt=\"\" width=\"300\" height=\"187\" \/><\/p>\n<p style=\"text-align: center;\">effektives Krafttraining f\u00fcr sch\u00f6n geformte Muskeln<\/p>\n<p><img decoding=\"async\" loading=\"lazy\" class=\"aligncenter\" title=\"Bildschirmfoto 2012-11-10 um 13.00.09\" src=\"https:\/\/www.poundattack.de\/bodytransformation\/wp-content\/uploads\/2012\/09\/Bildschirmfoto-2012-11-10-um-13.00.09-300x187.png\" alt=\"\" width=\"300\" height=\"187\" \/><\/p>\n<p style=\"text-align: center;\">Stretching f\u00fcr mehr Entspannung und schnellere Regeneration<\/p>\n<\/div>\n<p>Alle Workouts mache ich mit Dir zusammen.<\/p>\n<p>Sie sind so zusammengestellt, dass sie Dir in nur 12 Minuten alles liefern, um Deine Fitness auf ein ganz neues Level zu heben. <span style=\"font-size: revert; color: initial;\">Egal, ob Du gerade erst anf\u00e4ngst oder schon ein Fitness-Profi bist, mein Training wird Dir helfen, Dein Fitnessziel zu erreichen!<\/span><\/p>\n<p>Damit Du Dich selbst davon \u00fcberzeugen kannst, was meine Workouts f\u00fcr Dich tun k\u00f6nnen,<a href=\"https:\/\/www.digistore24.com\/product\/16765\"> <span style=\"color: #ff0000;\">kannst Du sie jetzt f\u00fcr 1,- \u20ac 14 Tage lang testen<\/span><\/a>. Keine Angst, Du kannst jederzeit k\u00fcndigen und es gibt keine versteckten Kosten.<\/p>\n<p>Wenn es Dir gef\u00e4llt, bleibst Du f\u00fcr 27\u20ac\/Monat dabei. Wenn Du Dich anders entscheidest, hast Du nur 1 Euro gezahlt um etwas auszuprobieren, von dem ich \u00fcberzeugt bin, dass Du es lieben wirst ;-).<\/p>\n<p>Willst Du ein abwechslungsreiches, effektives Training?<br \/>\nWillst Du einen fitten K\u00f6rper, auf den Du stolz sein kannst?<\/p>\n<p><strong>Dann warte nicht l\u00e4nger und lass und zusammen schwitzen!<\/strong><\/p>\n<p>Alles Liebe,<br \/>\nDeine Karla<\/p>\n<h3 style=\"text-align: center;\"><a href=\"https:\/\/www.digistore24.com\/product\/16765\"><span style=\"color: #ff0000;\"><span style=\"color: #ff0000;\">Klicke hier und teste die Body Transformer Workouts ohne Risiko jetzt f\u00fcr 1,- \u20ac!<\/span><\/span><\/a><\/h3>\n<h3 align=\"center\"><\/h3>\n<h3 align=\"center\"><a href=\"https:\/\/www.digistore24.com\/product\/16765\"><img decoding=\"async\" loading=\"lazy\" title=\"Body_Transformer_Titel\" src=\"https:\/\/www.poundattack.de\/bodytransformation\/wp-content\/uploads\/2012\/12\/Body_Transformer_Titel.jpg\" alt=\"\" width=\"595\" height=\"842\" \/><\/a><\/h3>\n<p><img decoding=\"async\" class=\"aligncenter\" src=\"https:\/\/www.poundattack.de\/bodytransformation\/wp-content\/uploads\/2013\/04\/shwarrws2.png\" alt=\"\" \/><\/p>\n<p><a href=\"https:\/\/www.digistore24.com\/product\/16765\"><img decoding=\"async\" loading=\"lazy\" class=\"aligncenter\" title=\"warenkorb_add\" src=\"https:\/\/www.poundattack.de\/bodytransformation\/wp-content\/uploads\/2012\/12\/warenkorb_add.png\" alt=\"\" width=\"438\" height=\"85\" \/><\/a><\/p>\n<p><img decoding=\"async\" class=\"aligncenter\" src=\"https:\/\/www.poundattack.de\/bodytransformation\/wp-content\/uploads\/2013\/04\/Pfeile-unten.png\" alt=\"\" \/><\/p>\n<h3 align=\"center\"><strong><a href=\"https:\/\/www.digistore24.com\/product\/16765\"><span style=\"color: #ff0000;\">Klicke auf diesen Button und erhalte das \u201eBody Transformer Fitnesstraining\u201c<br \/>\nf\u00fcr nur 1,- \u20ac (anschlie\u00dfend 27 Euro\/Monat* statt 37 Euro) !<\/span><\/a><\/strong><\/h3>\n<p style=\"text-align: center;\">* Du gehst kein Risiko ein. Das Abo ist jederzeit k\u00fcndbar!<br \/>\n<span style=\"font-size: revert; color: initial;\">Du erh\u00e4ltst sofort Zugang zum Online Mitgliederbereich!<\/span><\/p>\n<p style=\"text-align: center;\"><strong>\u00a0\u00a0\u00a0\u00a0\u00a0\u00a0\u00a0\u00a0\u00a0\u00a0PS.: Bist Du bereit, mit wenig Aufwand und viel Spa\u00df topfit zu werden?<br \/>\n<\/strong><strong>Dann starte noch heute mit den effektiven Body Transformer Workouts!<\/strong><\/p>\n","protected":false},"excerpt":{"rendered":"<p>Geht das wirklich? &#8230; &#8230; das werde ich immer wieder gefragt, wenn ich erz\u00e4hle, dass gerade einmal 12 Minuten Training pro Tag ausreichen, um topfit zu werden. Vielleicht findest Du das auch unglaublich und kannst Dir nicht vorstellen, dass das reichen soll? Ich kann verstehen, wenn Du skeptisch bist. Leider wird von viel zu vielen [&hellip;]<\/p>\n","protected":false},"author":1,"featured_media":0,"parent":0,"menu_order":0,"comment_status":"open","ping_status":"open","template":"launch_002d.php","meta":{"_links_to":"","_links_to_target":""},"acf":[],"_links":{"self":[{"href":"https:\/\/poundattack.de\/body-transformer-workouts\/wp-json\/wp\/v2\/pages\/5"}],"collection":[{"href":"https:\/\/poundattack.de\/body-transformer-workouts\/wp-json\/wp\/v2\/pages"}],"about":[{"href":"https:\/\/poundattack.de\/body-transformer-workouts\/wp-json\/wp\/v2\/types\/page"}],"author":[{"embeddable":true,"href":"https:\/\/poundattack.de\/body-transformer-workouts\/wp-json\/wp\/v2\/users\/1"}],"replies":[{"embeddable":true,"href":"https:\/\/poundattack.de\/body-transformer-workouts\/wp-json\/wp\/v2\/comments?post=5"}],"version-history":[{"count":6,"href":"https:\/\/poundattack.de\/body-transformer-workouts\/wp-json\/wp\/v2\/pages\/5\/revisions"}],"predecessor-version":[{"id":1917,"href":"https:\/\/poundattack.de\/body-transformer-workouts\/wp-json\/wp\/v2\/pages\/5\/revisions\/1917"}],"wp:attachment":[{"href":"https:\/\/poundattack.de\/body-transformer-workouts\/wp-json\/wp\/v2\/media?parent=5"}],"curies":[{"name":"wp","href":"https:\/\/api.w.org\/{rel}","templated":true}]}}